{"id":148,"date":"2023-09-02T13:16:25","date_gmt":"2023-09-02T11:16:25","guid":{"rendered":"https:\/\/anonyme-alkoholikere.dk\/?page_id=148"},"modified":"2023-09-14T21:19:49","modified_gmt":"2023-09-14T19:19:49","slug":"hovedserviceraadsmoede","status":"publish","type":"page","link":"https:\/\/box334.anonyme-alkoholikere.dk\/?page_id=148","title":{"rendered":"BOX334&#8217;s HISTORIE"},"content":{"rendered":"\n<p><strong>Box334 &#8211; historiske punkter<\/strong>     <\/p>\n\n\n\n<p>Foreningen Ring i Ring blev stiftet august 1948. Den fik hurtigt et medlemsblad. F\u00f8rste gang der n\u00e6vnes et medlemsblad for AA\u2019ere i Danmark er i begyndelsen af 1950. P\u00e5 dette tidspunkt tog foreningen navneforandring og hed nu \u201dRing i Ring, dansk AA\u201d &#8211; Se et omslag her: <strong><a href=\"https:\/\/box334.anonyme-alkoholikere.dk\/wp-content\/uploads\/Historie\/RingiRing1950.pdf\" target=\"_blank\" rel=\"noreferrer noopener\">TRYK<\/a><\/strong> (kan downloades). Dette \u201dnye\u201d tiltag blev igangsat efter inspiration fra en amerikansk AA\u2019er (Gordon M.) der var p\u00e5 bes\u00f8g i Danmark.<br>&nbsp;Medlemsbladet for A.A. fungerede til 1955, hvor medlemmer forlod Ring i Ring, dansk A.A., og arbejdede efter de principper vi kender i dag.<\/p>\n\n\n\n<p>Flere fors\u00f8gte sig med et medlemsblad i de kommende \u00e5r \u2013 men uden held.<\/p>\n\n\n\n<p>I \u00e5rene 1986 &#8211; 1987 fors\u00f8ger et A.A. medlem Topper fra Ebeltoft at udgive et blad \u2013 Se et omslag her: <strong><a href=\"https:\/\/box334.anonyme-alkoholikere.dk\/wp-content\/uploads\/Historie\/Topper_1980erne.pdf\" target=\"_blank\" rel=\"noreferrer noopener\">TRYK<\/a><\/strong> (kan downloades).<br>Andre fors\u00f8ger i samme periode, men intern splid og dogmatik hindrede et egentligt AA medlemsblad i at udkomme.<\/p>\n\n\n\n<p>I slutningen af 1980\u2019erne fik AA Danmark en mere fast servicestruktur og et servicekontor i Baldersgade i K\u00f8benhavn. Samtidig etablerede man et <s>&nbsp;<\/s>&nbsp;F\u00e6llesudvalg (FU), en forl\u00f8ber for vort nuv\u00e6rende Hovedservicer\u00e5d (HSR).<\/p>\n\n\n\n<p>Her blev det besluttet at en redaktion og et medlemsblad skulle igangs\u00e6ttes, og februar 1990 i Farum neds\u00e6ttes det f\u00f8rste egentlige redaktionsudvalg. Indhold og form blev meget inspireret af det svenske \u201dBullitin \u2013 m\u00f8det mellem m\u00f8derne\u201d<br>Navnet Boks334 fik man fra nummeret p\u00e5 servicekontorets postboks p\u00e5 K\u00f8bmagergades Postkontor. Dengang brugte Anonyme Alkoholikere ikke en officiel adresse, men en postboks \u2013 inspireret fra USA.<br>De f\u00f8rste blade blev trykt ved hj\u00e6lp af spritstencil og duplikator, og udkom 6 gange \u00e5rligt.<\/p>\n\n\n\n<p>Med \u00e5rerne voksede Box334 til at blive trykt i 1000 eksemplarer, hvor af ca. halvdelen blev sendt gratis til grupperne, og der kom flere og flere farver i bladene, da trykningen af bladene blev billigere og billigere.<\/p>\n\n\n\n<p>I 2016 blev portoudgifterne s\u00e5 h\u00f8je, at det blev besluttet, at grupperne ikke kunne f\u00e5 tilsendt et gratis eksemplar, men kunne abonnere p\u00e5 lige fod med andre betalende abonnenter.<\/p>\n\n\n\n<p>I dag \u2013 2023 bliver bladet trykt i ca. 450 eksemplarer og videresolgt til ca. 350 abonnenter. resten g\u00e5r til l\u00f8ssalg og frieksemplarer til AA i andre lande m.m.<br><br><\/p>\n\n\n\n<figure class=\"wp-block-image size-full\"><img loading=\"lazy\" decoding=\"async\" width=\"300\" height=\"300\" src=\"https:\/\/box334.anonyme-alkoholikere.dk\/wp-content\/uploads\/2023\/09\/604_300.jpg\" alt=\"\" class=\"wp-image-320\" srcset=\"https:\/\/box334.anonyme-alkoholikere.dk\/wp-content\/uploads\/2023\/09\/604_300.jpg 300w, https:\/\/box334.anonyme-alkoholikere.dk\/wp-content\/uploads\/2023\/09\/604_300-150x150.jpg 150w\" sizes=\"auto, (max-width: 300px) 100vw, 300px\" \/><\/figure>\n","protected":false},"excerpt":{"rendered":"<p>Box334 &#8211; historiske punkter Foreningen Ring i Ring blev stiftet august 1948. Den fik hurtigt et medlemsblad. F\u00f8rste gang der n\u00e6vnes et medlemsblad for AA\u2019ere i Danmark er i begyndelsen af 1950. P\u00e5 dette tidspunkt tog foreningen navneforandring og hed nu \u201dRing i Ring, dansk AA\u201d &#8211; Se et omslag her: TRYK (kan downloades). Dette [&hellip;]<\/p>\n","protected":false},"author":2,"featured_media":0,"parent":0,"menu_order":0,"comment_status":"closed","ping_status":"closed","template":"","meta":{"footnotes":""},"class_list":["post-148","page","type-page","status-publish","hentry"],"_links":{"self":[{"href":"https:\/\/box334.anonyme-alkoholikere.dk\/index.php?rest_route=\/wp\/v2\/pages\/148","targetHints":{"allow":["GET"]}}],"collection":[{"href":"https:\/\/box334.anonyme-alkoholikere.dk\/index.php?rest_route=\/wp\/v2\/pages"}],"about":[{"href":"https:\/\/box334.anonyme-alkoholikere.dk\/index.php?rest_route=\/wp\/v2\/types\/page"}],"author":[{"embeddable":true,"href":"https:\/\/box334.anonyme-alkoholikere.dk\/index.php?rest_route=\/wp\/v2\/users\/2"}],"replies":[{"embeddable":true,"href":"https:\/\/box334.anonyme-alkoholikere.dk\/index.php?rest_route=%2Fwp%2Fv2%2Fcomments&post=148"}],"version-history":[{"count":10,"href":"https:\/\/box334.anonyme-alkoholikere.dk\/index.php?rest_route=\/wp\/v2\/pages\/148\/revisions"}],"predecessor-version":[{"id":323,"href":"https:\/\/box334.anonyme-alkoholikere.dk\/index.php?rest_route=\/wp\/v2\/pages\/148\/revisions\/323"}],"wp:attachment":[{"href":"https:\/\/box334.anonyme-alkoholikere.dk\/index.php?rest_route=%2Fwp%2Fv2%2Fmedia&parent=148"}],"curies":[{"name":"wp","href":"https:\/\/api.w.org\/{rel}","templated":true}]}}